 the prime factors of 444547?
444547
List the prime factors of 7061398.
2, 67, 52697
List the prime factors of 274000.
2, 5, 137
What are the prime factors of 2497144?
2, 13, 1847
List the prime factors of 410508.
2, 3, 7, 181
List the prime factors of 149235.
3, 5, 9949
What are the prime factors of 1032811?
13, 53, 1499
What are the prime factors of 3440487?
3, 1146829
List the prime factors of 78527.
19, 4133
List the prime factors of 9855293.
7, 23, 41, 1493
List the prime factors of 898760.
2, 5, 22469
What are the prime factors of 340431?
3, 7, 13, 29, 43
List the prime factors of 1620230.
2, 5, 29, 37, 151
List the prime factors of 8335944.
2, 3, 115777
What are the prime factors of 115070?
2, 5, 37, 311
List the prime factors of 42130.
2, 5, 11, 383
List the prime factors of 3511516.
2, 877879
List the prime factors of 1018660.
2, 5, 31, 53
What are the prime factors of 143557?
89, 1613
List the prime factors of 90878.
2, 45439
What are the prime factors of 293619?
3, 97, 1009
What are the prime factors of 3938049?
3, 569, 769
What are the prime factors of 260686?
2, 130343
List the prime factors of 3022545.
3, 5, 23, 8761
List the prime factors of 9108975.
3, 5, 121453
List the prime factors of 1497591.
3, 166399
What are the prime factors of 439861?
439861
What are the prime factors of 7207674?
2, 3, 37, 32467
List the prime factors of 15353806.
2, 13, 59, 10009
What are the prime factors of 325507?
7, 13, 73
What are the prime factors of 941580?
2, 3, 5, 5231
What are the prime factors of 270342?
2, 3, 23, 653
What are the prime factors of 252930?
2, 3, 5, 8431
What are the prime factors of 6104507?
1699, 3593
List the prime factors of 433328.
2, 7, 53, 73
List the prime factors of 941677.
11, 85607
List the prime factors of 3617368.
2, 452171
List the prime factors of 6007661.
11, 546151
List the prime factors of 3091791.
3, 349, 2953
What are the prime factors of 9307682?
2, 19, 244939
List the prime factors of 297035.
5, 59407
What are the prime factors of 250910?
2, 5, 11, 2281
List the prime factors of 720185.
5, 144037
List the prime factors of 737192.
2, 43, 2143
List the prime factors of 11044258.
2, 181, 30509
What are the prime factors of 230782?
2, 23, 29, 173
What are the prime factors of 3284084?
2, 251, 3271
List the prime factors of 6860391.
3, 2286797
List the prime factors of 2001963.
3, 667321
List the prime factors of 489260.
2, 5, 17, 1439
What are the prime factors of 10127259?
3, 379, 2969
List the prime factors of 2908412.
2, 13, 55931
What are the prime factors of 176173?
31, 5683
What are the prime factors of 9422075?
5, 13, 53, 547
What are the prime factors of 11653253?
829, 14057
What are the prime factors of 4703996?
2, 11, 9719
List the prime factors of 233426.
2, 127, 919
List the prime factors of 648767.
7, 92681
What are the prime factors of 897119?
897119
List the prime factors of 3682583.
31, 211, 563
What are the prime factors of 15114814?
2, 11, 13, 41, 1289
What are the prime factors of 19527?
3, 23, 283
List the prime factors of 1869878.
2, 934939
What are the prime factors of 1789528?
2, 13, 17207
What are the prime factors of 416184?
2, 3, 17341
What are the prime factors of 957667?
29, 33023
List the prime factors of 4081618.
2, 19, 37, 2903
What are the prime factors of 4871596?
2, 1217899
What are the prime factors of 34056?
2, 3, 11, 43
List the prime factors of 23288447.
7, 13, 255917
What are the prime factors of 386865?
3, 5, 8597
List the prime factors of 1337756.
2, 7, 47777
What are the prime factors of 286178?
2, 17, 19, 443
What are the prime factors of 2768091?
3, 19, 48563
List the prime factors of 1735826.
2, 867913
What are the prime factors of 691430?
2, 5, 69143
List the prime factors of 634622.
2, 53, 5987
What are the prime factors of 15713127?
3, 41, 97, 439
What are the prime factors of 152134?
2, 29, 43, 61
List the prime factors of 1969657.
1969657
What are the prime factors of 471220?
2, 5, 23561
List the prime factors of 7224918.
2, 3, 1204153
What are the prime factors of 1325958?
2, 3, 223, 991
What are the prime factors of 4722430?
2, 5, 17, 27779
List the prime factors of 4351748.
2, 1087937
List the prime factors of 738664.
2, 92333
List the prime factors of 4899526.
2, 1103, 2221
List the prime factors of 1467489.
3, 163, 3001
List the prime factors of 194808.
2, 3, 8117
What are the prime factors of 956911?
109, 8779
What are the prime factors of 1120752?
2, 3, 43, 181
List the prime factors of 3017662.
2, 263, 5737
List the prime factors of 7445787.
3, 47, 52807
What are the prime factors of 18355905?
3, 5, 41, 9949
What are the prime factors of 1573175?
5, 62927
What are the prime factors of 6800423?
7, 19, 51131
What are the prime factors of 1274044?
2, 233, 1367
List the prime factors of 5250767.
257, 20431
What are the prime factors of 1997739?
3, 67, 3313
What are the prime factors of 484975?
5, 19, 1021
What are the prime factors of 729189?
3, 113, 239
What are the prime factors of 463644?
2, 3, 53
What are the prime factors of 1031466?
2, 3, 353, 487
What are the prime factors of 23104598?
2, 11, 17, 163, 379
What are the prime factors of 1061134?
2, 530567
List the prime factors of 413738.
2, 13, 15913
List the prime factors of 194776.
2, 97, 251
What are the prime factors of 634186?
2, 7, 97, 467
What are the prime factors of 185144?
2, 23143
What are the prime factors of 2326719?
3, 775573
What are the prime factors of 619806?
2, 3, 11, 9391
List the prime factors of 1462327.
1462327
List the prime factors of 951446.
2, 41, 283
List the prime factors of 2848840.
2, 5, 67, 1063
List the prime factors of 165998.
2, 7, 71, 167
What are the prime factors of 19266597?
3, 7, 41, 7459
List the prime factors of 167889.
3, 191, 293
List the prime factors of 2743056.
2, 3, 43, 443
List the prime factors of 1163804.
2, 131, 2221
List the prime factors of 3646529.
43, 137, 619
List the prime factors of 2984033.
13, 17657
What are the prime factors of 3257439?
3, 1085813
What are the prime factors of 2578042?
2, 29, 44449
List the prime factors of 278758.
2, 37, 3767
What are the prime factors of 155335?
5, 47, 661
What are the prime factors of 707676?
2, 3, 17, 3469
List the prime factors of 5743978.
2, 463, 6203
What are the prime factors of 10793455?
5, 37, 41, 1423
What are the prime factors of 140225?
5, 71, 79
What are the prime factors of 3070697?
7, 438671
List the prime factors of 11629782.
2, 3, 646099
What are the prime factors of 164589?
3, 83, 661
What are the prime factors of 1525214?
2, 37, 20611
What are the prime factors of 4100075?
5, 7, 3347
List the prime factors of 954817.
67, 14251
List the prime factors of 115746.
2, 3, 101, 191
What are the prime factors of 1005627?
3, 7, 6841
What are the prime factors of 32068812?
2, 3, 2672401
List the prime factors of 1486189.
1486189
List the prime factors of 191299.
191299
List the prime factors of 142611.
3, 7, 6791
What are the prime factors of 469508?
2, 13, 9029
List the prime factors of 4194120.
2, 3, 5, 7, 4993
What are the prime factors of 1260323?
1260323
List the prime factors of 22778854.
2, 7, 1627061
List the prime factors of 8132242.
2, 4066121
List the prime factors of 873.
3, 97
What are the prime factors of 11279943?
3, 1253327
List the prime factors of 108934.
2, 7, 31, 251
What are the prime factors of 2828803?
937, 3019
What are the prime factors of 1642891?
449, 3659
What are the prime factors of 2001903?
3, 17, 2309
What are the prime factors of 581416?
2, 11, 6607
List the prime factors of 1503826.
2, 751913
List the prime factors of 435052.
2, 61, 1783
What are the prime factors of 4425914?
2, 353, 6269
List the prime factors of 1321876.
2, 330469
What are the prime factors of 508620?
2, 3, 5, 7, 173
List the prime factors of 7384300.
2, 5, 7, 11, 137
List the prime factors of 5850843.
3, 311, 6271
List the prime factors of 283387.
13, 21799
What are the prime factors of 3660337?
787, 4651
What are the prime factors of 8319818?
2, 13, 319993
What are the prime factors of 6212333?
157, 39569
List the prime factors of 1363630.
2, 5, 19, 7177
What are the prime factors of 205522?
2, 102761
What are the prime factors of 33976?
2, 31, 137
List the prime factors of 1538344.
2, 